List the prime factors of 435590014.
2, 17, 12811471
What are the prime factors of 76720364?
2, 7, 23, 119131
List the prime factors of 31638635.
5, 7, 331, 2731
List the prime factors of 75835175.
5, 13, 19, 12281
List the prime factors of 7911584.
2, 457, 541
List the prime factors of 800694618.
2, 3, 19, 7023637
List the prime factors of 151011345.
3, 5, 10067423
What are the prime factors of 5737013597?
7, 819573371
What are the prime factors of 2479190898?
2, 3, 413198483
What are the prime factors of 75250133?
7, 1535717
What are the prime factors of 43539231?
3, 1163, 12479
List the prime factors of 470407852.
2, 19, 6189577
List the prime factors of 287349497.
4129, 69593
List the prime factors of 1276849345.
5, 17, 1103, 13619
List the prime factors of 1593999188.
2, 14929, 26693
What are the prime factors of 3745617089?
17, 220330417
What are the prime factors of 1121956382?
2, 560978191
What are the prime factors of 55184564?
2, 29, 475729
List the prime factors of 828160320.
2, 3, 5, 13, 66359
What are the prime factors of 4562613673?
223, 20460151
What are the prime factors of 191344926?
2, 3, 43, 167, 4441
What are the prime factors of 3324155561?
83, 379, 105673
List the prime factors of 193427.
13, 14879
What are the prime factors of 86163443?
43, 2003801
List the prime factors of 240466958.
2, 120233479
What are the prime factors of 62548339?
7, 23, 388499
List the prime factors of 114396724.
2, 13, 41, 53657
List the prime factors of 107639676.
2, 3, 523, 5717
List the prime factors of 39832112.
2, 193, 12899
What are the prime factors of 101672003?
101672003
What are the prime factors of 83196645?
3, 5, 7, 487, 1627
List the prime factors of 233219139.
3, 79, 984047
List the prime factors of 38168330.
2, 5, 797, 4789
List the prime factors of 814812022.
2, 47, 1801, 4813
What are the prime factors of 12742346?
2, 359, 17747
What are the prime factors of 1988416174?
2, 4339, 229133
List the prime factors of 8732543.
17, 513679
List the prime factors of 40864725.
3, 5, 11, 19, 79
What are the prime factors of 20325406?
2, 317, 32059
What are the prime factors of 145590912?
2, 3, 103, 409
What are the prime factors of 1826053304?
2, 37, 59, 104561
List the prime factors of 49524253.
61, 499, 1627
What are the prime factors of 64866662?
2, 7, 17, 272549
What are the prime factors of 159459887?
159459887
What are the prime factors of 352941403?
17, 1693, 12263
What are the prime factors of 3213124501?
3213124501
What are the prime factors of 956952122?
2, 7, 23, 79, 37619
What are the prime factors of 2147871251?
239, 8986909
What are the prime factors of 1044684639?
3, 1367, 84913
List the prime factors of 264528506.
2, 11, 59, 97, 191
What are the prime factors of 1645383415?
5, 13, 25313591
List the prime factors of 2399180384.
2, 74974387
What are the prime factors of 1850761937?
19, 5737, 16979
What are the prime factors of 90135148?
2, 1327, 16981
List the prime factors of 238598512.
2, 14912407
List the prime factors of 381696527.
109, 199, 17597
What are the prime factors of 1431206158?
2, 101, 433, 16363
List the prime factors of 590107311.
3, 4219, 15541
What are the prime factors of 2344656265?
5, 7, 211, 317489
List the prime factors of 1113072480.
2, 3, 5, 13, 37, 1607
What are the prime factors of 31997662?
2, 83, 192757
What are the prime factors of 136313071?
191, 713681
List the prime factors of 81344044.
2, 103, 179, 1103
What are the prime factors of 199987710?
2, 3, 5, 13, 79, 6491
What are the prime factors of 771023078?
2, 7, 19, 373, 409
List the prime factors of 130444043.
17, 7673179
What are the prime factors of 3807471233?
1627, 2340179
What are the prime factors of 2916621740?
2, 5, 269, 542123
List the prime factors of 57318106.
2, 37, 101, 7669
What are the prime factors of 300416104?
2, 29, 47, 27551
List the prime factors of 20327512.
2, 17, 137, 1091
List the prime factors of 3020788367.
11681, 258607
List the prime factors of 939846398.
2, 37, 61, 208207
What are the prime factors of 1539430713?
3, 10243, 16699
List the prime factors of 100782352.
2, 11, 52057
List the prime factors of 1350927190.
2, 5, 2777, 48647
List the prime factors of 2402289489.
3, 59, 67, 167, 1213
List the prime factors of 2995974172.
2, 748993543
What are the prime factors of 98840271?
3, 881, 37397
What are the prime factors of 7023527307?
3, 31, 577, 14543
What are the prime factors of 55779654?
2, 3, 7, 1328087
What are the prime factors of 404811296?
2, 12650353
List the prime factors of 1002136827.
3, 251, 1330859
What are the prime factors of 6325992?
2, 3, 29287
What are the prime factors of 382722447?
3, 71, 1796819
List the prime factors of 9497355.
3, 5, 7, 29, 3119
What are the prime factors of 201367180?
2, 5, 7, 293, 4909
List the prime factors of 793953815.
5, 158790763
List the prime factors of 28093255.
5, 239, 23509
List the prime factors of 27511148.
2, 7, 140363
What are the prime factors of 424536722?
2, 19, 617, 953
List the prime factors of 926176744.
2, 115772093
List the prime factors of 1018166102.
2, 263, 1935677
List the prime factors of 1361428250.
2, 5, 7, 13, 83, 103
List the prime factors of 735099968.
2, 19, 31817
List the prime factors of 4706326879.
6091, 772669
What are the prime factors of 58032100?
2, 5, 7, 82903
List the prime factors of 6629178264.
2, 3, 276215761
List the prime factors of 57523867.
57523867
What are the prime factors of 312800972?
2, 11, 41, 1433
List the prime factors of 212717869.
7, 13, 23, 14519
List the prime factors of 648346561.
17, 43, 751, 1181
List the prime factors of 160051248.
2, 3, 7, 7561
List the prime factors of 37804555.
5, 283, 26717
What are the prime factors of 1830435907?
19937, 91811
What are the prime factors of 747372198?
2, 3, 233, 534601
What are the prime factors of 3429096275?
5, 11, 43, 289987
What are the prime factors of 40716694?
2, 157, 129671
What are the prime factors of 1019376341?
1571, 648871
What are the prime factors of 2231411709?
3, 743803903
What are the prime factors of 253638508?
2, 47, 373, 3617
What are the prime factors of 248946071?
11, 67, 149, 2267
List the prime factors of 2174532392.
2, 61, 263, 16943
List the prime factors of 1878946170.
2, 3, 5, 157, 269, 1483
What are the prime factors of 818934011?
7, 43, 388673
List the prime factors of 198320955.
3, 5, 7, 19, 99409
What are the prime factors of 2536492066?
2, 1268246033
What are the prime factors of 19335415?
5, 11, 317, 1109
What are the prime factors of 198015089?
47, 61, 69067
What are the prime factors of 1623312755?
5, 83, 547, 7151
List the prime factors of 18676461.
3, 6225487
List the prime factors of 1721219175.
3, 5, 13, 353, 1667
List the prime factors of 444336197.
223, 1093, 1823
What are the prime factors of 53640595?
5, 101, 106219
What are the prime factors of 279093223?
19, 1931, 7607
List the prime factors of 6513525110.
2, 5, 983, 662617
What are the prime factors of 73008597?
3, 24336199
What are the prime factors of 1416692523?
3, 16901, 27941
What are the prime factors of 97516970?
2, 5, 59, 197, 839
What are the prime factors of 2543738717?
13, 163, 1200443
What are the prime factors of 1432323599?
7, 204617657
What are the prime factors of 249111082?
2, 11, 11323231
What are the prime factors of 5541116338?
2, 19, 101, 103, 107, 131
List the prime factors of 52251670.
2, 5, 5225167
List the prime factors of 3639732.
2, 3, 29, 10459
What are the prime factors of 81595089?
3, 3011
List the prime factors of 7030010095.
5, 8353, 168323
What are the prime factors of 1145032377?
3, 37, 47, 139, 1579
What are the prime factors of 271135550?
2, 5, 7, 17, 45569
What are the prime factors of 454151711?
13, 41, 739, 1153
List the prime factors of 270003343.
4219, 63997
List the prime factors of 118413018.
2, 3, 967, 6803
What are the prime factors of 23054459?
317, 72727
What are the prime factors of 5896708?
2, 1474177
What are the prime factors of 684029791?
684029791
List the prime factors of 838267965.
3, 5, 18628177
List the prime factors of 248693952.
2, 3, 13, 17, 5861
What are the prime factors of 7702054?
2, 17, 226531
What are the prime factors of 558286563?
3, 186095521
What are the prime factors of 95181340?
2, 5, 151, 31517
